 of u and 45.
9
Suppose 0 = 2*h + s - 50, -5*h - 2*s - 54 + 181 = 0. Suppose w - 4*w + h = 0. Suppose z - 1 - w = 0. What is the greatest common divisor of 5 and z?
5
Suppose -3*q + q = -6. Suppose -q*m + 100 = -h - 112, -2*m - 2*h + 136 = 0. Let f = 11 - 1. Calculate the greatest common divisor of m and f.
10
Let i = 11 - 0. What is the greatest common divisor of 22 and i?
11
Let t = -96 - -109. Let x(w) = -w**3 + 5*w**2 + 6*w - 4. Let f be x(5). What is the highest common factor of t and f?
13
Suppose 6 = -2*h + 5*h. Suppose 118 = 3*f - 170. Suppose -h*q = -4*q + f. What is the highest common factor of 120 and q?
24
Let t(b) = 5*b**2 + 3*b + 2. Let p be t(-2). Calculate the highest common divisor of 8 and p.
8
Let g = 16 + -9. Suppose -g*m + 18 = -4*m. What is the highest common divisor of m and 18?
6
Suppose -4*y + 124 = 5*q, 3*y - 9 - 87 = -3*q. Suppose 2*n - y = -n. What is the highest common factor of 108 and n?
12
Let q(n) = -6*n - 17. Let j be q(-6). Calculate the highest common divisor of j and 76.
19
Suppose -3*w + 45 = -3*x, -w + 5*x = -2*w - 3. What is the greatest common factor of w and 18?
6
Let x(n) be the third derivative of -n**4/24 + 17*n**3/6 + 7*n**2. Let g be x(0). Calculate the highest common divisor of g and 153.
17
Let n(o) be the first derivative of 0*o**2 + 5 - 1/3*o**3 + 6*o. Let a be n(0). Calculate the greatest common divisor of 66 and a.
6
Let c(u) = u**2 - 5*u - 2. Let p be c(6). Let v be (-1 + 2)*(6 + -2). Calculate the greatest common divisor of p and v.
4
Let y(o) = -o**3 - 10*o**2 + 9*o - 4. Let c be y(-11). Calculate the greatest common factor of c and 2.
2
Let g(u) = u + 1. Let y be g(6). Suppose 2*d = -6, -4*q - y = 3*d - 6*d. Let b be (-2)/q + 4/8. Calculate the highest common divisor of b and 5.
1
Let h(l) = l**2 + 14. Let t be h(0). Let a = t - 10. What is the greatest common divisor of a and 10?
2
Let f be (-282)/(-7) + (-6)/21. What is the greatest common divisor of 24 and f?
8
Let v(q) = 19*q**3 + 2*q**2 - 2*q - 2. Let a be v(2). Calculate the greatest common factor of 14 and a.
14
Let p(g) = -3*g - 4. Let r be p(-12). Let x = r - 10. Let c = 20 - -13. What is the highest common divisor of x and c?
11
Suppose -4 = -3*p + 2*p. What is the greatest common divisor of p and 4?
4
Let g(m) = 19*m + 2. Let w be g(1). Calculate the highest common factor of w and 63.
21
Let j = 85 - 45. Suppose -c = o - 4, o + c - 25 = -3*o. Suppose -o = -4*h + 13. What is the highest common factor of j and h?
5
Let h be (-1)/(-2) - (-17)/2. What is the greatest common factor of h and 81?
9
Suppose -4*q - 52 = -0*q. Let g = 20 + q. Let j be 6/(-15) + g/5. Calculate the highest common factor of 1 and j.
1
Suppose 0*y = -4*y + 3*x - 7, 5*x = -4*y + 33. Let a = y + 6. Suppose -2*l = -8 - 0. Calculate the highest common divisor of l and a.
4
Let y = 0 + 4. What is the highest common divisor of 4 and y?
4
Suppose 210 = -2*c + 16*c. What is the highest common divisor of 10 and c?
5
Let z be 18*-1 + (-2 - -5). Let m be (3/(-5))/(3/z). Suppose m*p - 4*h - 3 = -4, 0 = -4*p + 3*h + 8. Calculate the greatest common divisor of p and 10.
5
Let u be 2596/18 + 6/(-27). Let v = 209 - u. Suppose 108 = 5*y - 4*b, -4*y + 5*b + 25 = -v. What is the highest common divisor of y and 10?
10
Let x = -54 - -80. Calculate the highest common divisor of 65 and x.
13
Let k(p) = 102*p**2 - 3*p + 1. Let a be k(-1). Calculate the highest common factor of 53 and a.
53
Suppose 3*r = -0*r - 3. Let f be ((-14)/(-5))/(r/(-5)). Suppose -j + 5*p + f = 0, 6*j - 4*j + 2*p - 16 = 0. What is the greatest common divisor of j and 6?
3
Let c be 2/(-12) - (-111)/18. Suppose -40 = 2*w - c*w. Calculate the greatest common divisor of 10 and w.
10
Let m = -3 - -11. Let x = m + -4. Calculate the greatest common divisor of x and 24.
4
Let r = -20 - -60. Calculate the greatest common divisor of 10 and r.
10
Let i be (-2)/9 - 2/(-9). Suppose 3*y - 15 = 0, 2*c + 2*c - 3*y - 225 = i. Let a = -111 - -123. What is the highest common divisor of a and c?
12
Suppose 8 - 2 = 2*f. Let t be f + 1 - (0 + 1). Let s be ((-4)/t)/(4/(-132)). What is the greatest common factor of s and 4?
4
Suppose 42 = -5*s + 8*s. Calculate the highest common factor of s and 112.
14
Suppose -5 = 7*n - 8*n. Suppose b + 68 = 4*p - 3*b, 25 = 2*p - n*b. Calculate the highest common divisor of 220 and p.
20
Let y = -80 - -106. Calculate the greatest common factor of y and 130.
26
Suppose 0 = -0*d - d. Suppose -4*r = -5*m - 25, 5*r + m + 5 = -d. Suppose r = 3*b - 2 - 28. What is the highest common factor of 40 and b?
10
Let k be (-16)/(-5)*5/4*2. What is the highest common divisor of 56 and k?
8
Let j(c) = c**2 - 14*c + 13. Let n be j(14). Calculate the greatest common divisor of 104 and n.
13
Suppose 4*q = 113 + 223. What is the highest common factor of 14 and q?
14
Suppose 3*l + 7 = -5. Let x(z) = -17*z - 3. Let r be x(l). What is the highest common factor of r and 26?
13
Suppose 3*s + 6 = 0, -3*y = -s - 17 - 21. Let x be (3/3 - 2) + 25. Calculate the highest common factor of y and x.
12
Let p be ((-60)/35)/((-1)/7). What is the highest common divisor of 132 and p?
12
Let q be (28 - (-4 + 7)) + 4. What is the greatest common divisor of q and 116?
29
Suppose 5*q + 20 = 0, 0*q - 708 = -5*l + 2*q. Calculate the highest common factor of 28 and l.
28
Suppose -84 = -5*d + 26. What is the highest common divisor of 11 and d?
11
Let f = -29 - -85. Let w(t) = 2*t**3 - 3*t**2 + 3*t - 2. Let l be w(2). Calculate the highest common divisor of f and l.
8
Let l = -6 + 10. Suppose 2*g - s - 8 = 5, -l*g = 5*s - 19. Calculate the highest common factor of 18 and g.
6
Suppose -36 = -v + 128. Suppose -5*c + c + 128 = 3*x, v = 3*x - 5*c. Let s be (-1 - 1/(-5))*-15. Calculate the greatest common factor of s and x.
12
Suppose 5*r = -3*l + 258 + 125, 4*r - 16 = 0. Suppose -17 = -2*w - o + 2*o, 47 = 2*w + 5*o. Calculate the highest common factor of l and w.
11
Suppose -3*u = -5*x - 18, 0 = 2*x - 0*x. Suppose a = -4*a. Suppose 2*m + 4 = q, -4*m + a*m - 20 = -4*q. Calculate the greatest common divisor of u and q.
6
Let j be (108/(-8))/(4/(-16)). Calculate the greatest common divisor of 36 and j.
18
Let n(k) = k + 11. Let a be n(-6). Calculate the greatest common divisor of a and 40.
5
Let c(d) = -d**2 + 13*d + 2. Let n be c(13). Let u be ((-21)/6*-12)/n. Calculate the highest common divisor of u and 3.
3
Let l = -16 - -18. Suppose 0 = 2*w + l, -20 - 23 = -b - 5*w. What is the greatest common divisor of 120 and b?
24
Let w be 216 - 5 - (2 + 1). Calculate the greatest common divisor of 26 and w.
26
Let k(h) = -h**3 - 6*h**2 + 4*h - 11. Let x be k(-8). Calculate the greatest common divisor of x and 34.
17
Let r be 3 - (-2 - (-1 + -1)). Suppose -r*l + 8 = -10. Let w = -11 - -15. What is the greatest common factor of w and l?
2
Suppose a = -8*o + 3*o + 8, 11 = 5*a - 4*o. Let h be -3 - ((-5 - 28) + -3). Calculate the highest common factor of h and a.
3
Let w(t) = t + 6. Suppose -j - 13 = -2*b - 2*j, -b = 5*j - 11. Let o be w(b). Let v = 13 + -7. What is the highest common factor of v and o?
6
Let d(o) be the third derivative of -13*o**4/12 + 4*o**3/3 + o**2. Let w be d(-8). What is the highest common divisor of w and 24?
24
Let m = 32 - 2. Let y be (m/4)/(7/14). Suppose k + k = 6. What is the greatest common divisor of k and y?
3
Let o = -4 + -4. Let p(a) = -2*a + 2. Let x be p(o). What is the greatest common factor of 2 and x?
2
Let j(p) = -p**2 - 16*p - 20. Let h be j(-14). What is the greatest common factor of 24 and h?
8
Let x(b) = 3 - b**2 - 6*b - 5 + 3. Let c be x(-6). What is the greatest common factor of c and 1?
1
Let s(u) = 3*u**3 - 2*u + 1. Let h be s(1). Let m be ((-52)/6 - 0)*12. Let p be m/(-16) - 1/2. Calculate the highest common divisor of p and h.
2
Let t(n) = -n + 4. Let r be t(-7). What is the highest common divisor of r and 55?
11
Suppose -3*b + 12 = -0*b. Suppose 0*g + 3*t = -3*g + 210, -3*t + 145 = 2*g. Let d = -29 + g. Calculate the greatest common factor of d and b.
4
Let g(v) = -v + 17. Let j be g(8). Let p = -1 + j. Let d be 2*1 + -1 + 7. What is the greatest common factor of p and d?
8
Let r(o) = 3*o - 3. Let a be (-36)/(-21) - 4/(-14). Let i be r(a). Suppose -1 = -l + 6*j - i*j, 3*l = -3*j + 3. Calculate the highest 